ns digit of ((-868)/56 - -1*r)*-12?
6
Let v = 7077 + 31231. What is the ten thousands digit of v?
3
Let g = -100 + 100. Suppose -2*w + w + 2*o + 337 = g, 3*o = w - 341. Let h = 491 - w. What is the tens digit of h?
6
Suppose 3*k = -4*s + 417, 0 = k + 3*s + 23 - 167. What is the tens digit of 13410/k*(-6)/(-4)?
4
What is the thousands digit of (-73721)/(-3) + 126*(-14)/(-756)?
4
Let l be (-1)/(1/40*5). What is the tens digit of l/6 + (-21728)/(-96)?
2
Let x = 23470 + 1753. What is the hundreds digit of x?
2
Suppose -1900 = -2*u + 5*n, -2*n + 1545 = 2*u - 383. What is the tens digit of u?
6
Let q(h) = h**3 - 7*h**2 - 7*h + 6. Suppose 0*v + 1 = v. Let u be (-4)/(-8)*(18 - 0/v). What is the hundreds digit of q(u)?
1
Let m = -54 + 43. Let v(k) = -4*k - 21. Let h be v(m). Let s = 4 + h. What is the tens digit of s?
2
Let l(g) = g**2 + 20*g + 37. Let u be l(-18). Suppose 0 = v - 20 - u. Let r(x) = -x**2 + 32*x - 48. What is the tens digit of r(v)?
8
Let p be 7/(105/(-6)) - 1144/(-10). Suppose -3*v - p = 2*c + 4, v + 3*c = -37. Let u = v + 73. What is the units digit of u?
3
Suppose x + 2 = 2*a - 4*a, 0 = -2*x + 5*a + 14. Suppose -5*g + h + 1519 + 122 = 0, 4*h + 642 = x*g. What is the hundreds digit of g?
3
Suppose 6*x - 15*x = 7*x - 182496. What is the thousands digit of x?
1
Let o = 31396 - 18364. What is the hundreds digit of o?
0
Let j(h) = h**2 - h. Let o(n) = -n**3 - 51*n**2 - 49*n - 69. Let g(r) = 5*j(r) + o(r). What is the units digit of g(-45)?
6
Let i be (-33585)/10*(-12)/9. Suppose 4*b - 7*b + 3*h = -3381, -2*h = 4*b - i. What is the thousands digit of b?
1
Let s be (12/4)/(2/(16/6)). What is the hundreds digit of 705/(-10)*(-2 - s)?
4
Suppose -14*t + 12 = -12*t. Suppose t*c - 945 = 1749. Let m = c + -286. What is the units digit of m?
3
Let p(q) = 4*q + 32. Let w(z) = -9*z - 64. Let r(n) = -7*p(n) - 3*w(n). Let b be r(-27). What is the units digit of (440/24 - -5)*(-18)/b?
4
Let c = 144 - 12. Let u be -10 - (-5 - 3) - -5. What is the tens digit of (-2)/u*-3 - (-3 - c)?
3
What is the tens digit of -3*(1854105/(-306) + 3/(-2))?
8
Let q = -38 + 3. Let w = q + 25. What is the tens digit of 1/((-106)/(-240) + 4/w)?
2
Let l = -5923 - -38323. What is the tens digit of l?
0
Let r be (-48206)/(-10) - (5 + 220/(-50)). Suppose 4*l + 1924 = -k + 3*k, 5*k = 5*l + r. What is the hundreds digit of k?
9
Suppose -352 = -s - 2*i, 5*i = 2*s - 4*s + 704. Let h = s - 126. Let c = -157 + h. What is the tens digit of c?
6
Let g(y) = -y - 8. Let k be g(-12). Suppose -5*h + 3*h - k = 0. What is the hundreds digit of (-200)/h + -12*(-4)/16?
1
What is the units digit of ((-1590)/60)/((-5)/3600)?
0
Suppose -r - 202800 = -11*r. Suppose -14*b - 6*b + r = 0. What is the hundreds digit of b?
0
Suppose -3*p + 55 = -6*p + 2*s, 89 = -5*p + 2*s. Let w = 119 + p. Let c = w + -75. What is the units digit of c?
7
Let h(b) = 6*b + 41. Let q be h(-6). Suppose -z - 34 + 31 = 0, -q*a + z + 3033 = 0. What is the tens digit of a?
0
Suppose -21885 = -22*n + 17*n + 5*p, 0 = -4*n - 4*p + 17500. What is the thousands digit of n?
4
Let z(t) = -t**2 + 44*t + 6. Suppose 0 = -5*o - 6*f + 7*f + 98, f = o - 18. What is the units digit of z(o)?
6
Let y(z) be the third derivative of -1/120*z**6 + 3/20*z**5 - 29*z**2 + 0 - 7/24*z**4 + 0*z - 1/2*z**3. What is the units digit of y(4)?
9
Let v be (-8 + 1 + 7)*1. Suppose v = -4*p - 2*d + 3692, -7*d = 2*p - 5*d - 1842. What is the hundreds digit of p?
9
Let s = -274 - -184. What is the tens digit of (1984/20)/((-282)/s - 3)?
4
Let t be (-1)/2*(4 + -4). Suppose t = -0*p + 6*p. Suppose -612 = -4*g + 4*a, 0 = -g - p*a - 4*a + 163. What is the units digit of g?
5
Let n(j) = 5*j**2 + 442*j + 1783. What is the units digit of n(-4)?
5
Suppose -3*n - 2*s - 2003 = 0, 0*s + 3*s + 2672 = -4*n. Let o = n - -1201. What is the units digit of o?
6
Let d = -235 - -283. What is the hundreds digit of ((-2079)/28)/((-3)/d*3)?
3
Let j(c) = 2*c**2 + 2*c - 18. Let d = -103 + 75. Let v = d + 20. What is the units digit of j(v)?
4
Let s(u) = 109*u + 73. Let l be s(-3). Let m = 369 + l. What is the units digit of m?
5
Let l = -3353 + 1284. Let m = l - -3248. What is the units digit of m?
9
Let k(w) = 9*w + w**2 + 18 + 9*w - 3*w - 31*w. Let r be k(14). What is the units digit of 7 - r - (5 + -1)?
3
Let m(w) = 76*w + 105 + 47 + 38 - 78*w. What is the hundreds digit of m(-44)?
2
Suppose 5*v = 12113 + 297. Let r = -1559 + v. Suppose -5*i - q = -919, 2*q = 3*i - 8*i + r. What is the tens digit of i?
8
Suppose a = 3*q + 4, -4*a + 4 = 5*q - 12. What is the units digit of 316/108 - a/(-54)?
3
Suppose 724970 - 1310110 = -152*h + 1749124. What is the ten thousands digit of h?
1
Suppose -236*m - 1134220 + 3539845 = -6228671. What is the thousands digit of m?
6
Suppose 491*v - 65936 = 483*v. What is the tens digit of v?
4
Suppose -46 = -3*q - 37. Let h(k) = k**3 - 3*k. Let f be h(q). What is the tens digit of (-26)/(-117) - ((-1688)/f - 2)?
9
What is the ten thousands digit of 60/15 + (-125175)/(10/(-2))?
2
Let q be (10052/49)/(1/(-14)*-4). Let t = q - 310. What is the units digit of t?
8
Let g(b) = -68*b - 109. Let w be g(-5). Let f = 580 - w. What is the units digit of f?
9
Let z(a) = -72*a**3 - 2*a**2 - 5*a - 3. Let h be z(-2). Suppose -6*x - h = -x. Let q = x + 124. What is the units digit of q?
9
Let x be (8/(-28)*6)/((-4)/14). Let s be (-26724)/119 + x/(-14). Let d = -143 - s. What is the units digit of d?
2
Let s(c) = 67*c**2 - 12 - 3*c + 8*c - 66*c**2. Let j be s(-7). Suppose b + 4*r - 98 = 0, 5*b - j*r - 238 = 2*b. What is the units digit of b?
2
Let h = 61 - 59. Let z be 0 - -1 - (-1 + -3 + h). What is the tens digit of (-1)/z + 3087/27?
1
Let a(i) = 605*i**2 - 57*i + 69. What is the tens digit of a(9)?
6
Let w be ((-12)/(-5) - 2)*5. Suppose 0 = -5*q + 6*o - 9*o - 1015, 3*q + 609 = -o. What is the units digit of 0 - q - (-2 + w)/5?
3
Suppose 63 = 4*l - 129. What is the tens digit of 8/l - (-1559)/6?
6
Let s(g) = 204*g + 53. Suppose 0 = 5*n - 41 + 31. What is the hundreds digit of s(n)?
4
Let f(k) = -k**3 + 15*k + 36 + 9*k - 326*k**2 + 103*k**2 + 101*k**2 + 109*k**2. Suppose 30 + 0 = -2*u. What is the hundreds digit of f(u)?
1
What is the tens digit of 8 + (-3 - -12736) - -13?
5
Suppose 16*s - 17*s = 64. Let t = -59 - s. Suppose -t*j - 55 + 150 = 0. What is the tens digit of j?
1
Let g(y) = -y**2 + y + 2. Let f(x) = x**2 - 3. Let j(w) = -2*f(w) - 3*g(w). What is the units digit of j(4)?
4
Let q(v) be the first derivative of -14 + 1/3*v**3 - 2*v**2 - 1/4*v**4 + 13*v. What is the units digit of q(-5)?
3
Let a be (-4 + 3)/(1/(-71)). Let y = a + -71. Suppose y = -k + 13 - 3. What is the tens digit of k?
1
Let y(d) = 11*d**2 - 2*d - 1. Let r be y(-1). Let b be r + (-8)/(4/(-1)). What is the units digit of 3/((-6)/4) + b?
2
Suppose -u + 4*z + 42 = 0, 2*z - 210 = -5*u - 0*u. Let o = -633 + 664. Let p = u - o. What is the units digit of p?
1
What is the ten thousands digit of 0 + 14 + 11791 + -140?
1
Let p = 511 + -139. Suppose h + 36 = -3*c + 396, 3*c - 3*h = p. Suppose -2*w - 104 = -2*i, -3*i + w - 5*w + c = 0. What is the units digit of i?
7
Suppose -20*o + 21*o - 255 = 0. Suppose -h + 4*h = -n + o, 3*h - 1029 = -4*n. What is the tens digit of n?
5
Let f(c) = c**3 - 10*c**2 + 18*c - 317. What is the thousands digit of f(18)?
2
Let l = 8 + -5. Let s be (-4)/(-78) + (-2812)/(-1443). Suppose -l*g - 255 = -3*h, s*g + 70 = h - 2*g. What is the tens digit of h?
9
Let z(p) = -p**3 + 35*p**2 - 20*p - 78. Let a be z(34). Let h = 695 - a. What is the tens digit of h?
9
Suppose 8*c - 9*c - 71915 = -20*c. What is the units digit of c?
5
Suppose -96 = -100*h + 104. Let c = 0 - -2. Suppose 2*d + j = -h*d + 407, d - c*j = 104. What is the units digit of d?
2
Let l = -1246 + 13170. What is the hundreds digit of l?
9
Let s(v) = -192*v - 81. Let l(y) = 96*y + 40. Let j(o) = 9*l(o) + 4*s(o). What is the units digit of j(4)?
0
Let d(l) = 54*l + 2624. What is the units digit of d(-12)?
6
Let p(i) = -i**3 + 18*i**2 + 20*i - 14. Let v be p(19). What is the hundreds digit of (-6 + 2)/((-1)/390*v)?
3
Suppose -n = 8*n - 54. Let g be n/(-9) - (-690)/9*1. Suppose 4*c - 4*a - g = 344, -4*c + 422 = -5*a. What is the hundreds digit of c?
1
Suppose -5*i - 5*d = -25, 0 = 4*i + d - 2*d + 5. Suppose -4*q + 3661 +